{"id":24938,"date":"2024-03-27T14:02:56","date_gmt":"2024-03-27T11:02:56","guid":{"rendered":"https:\/\/www.bagislargida.com\/?post_type=product&#038;p=24938"},"modified":"2025-08-21T16:11:50","modified_gmt":"2025-08-21T13:11:50","slug":"binbirdane-20-kg","status":"publish","type":"product","link":"https:\/\/www.bagislargida.com\/index.php\/product\/binbirdane-20-kg\/","title":{"rendered":"Binbirdane 20 KG"},"content":{"rendered":"<p>\u0130\u00e7erisinde bulunan \u00e7e\u015fitli tohumlar sayesinde e\u015fsiz bir tat yakalars\u0131n\u0131z.<\/p>\n<p>Ek\u015fi mayal\u0131 ekmek yap\u0131m\u0131nda kullan\u0131l\u0131r.<\/p>\n<p>Ek\u015fi mayal\u0131 ekmeklerde e\u015fsiz bir tat verir.<\/p>\n<p>*KATKISIZ<\/p>\n","protected":false},"excerpt":{"rendered":"<p>\u0130\u00e7erisinde bulunan \u00e7e\u015fitli tohumlar sayesinde e\u015fsiz bir tat yakalars\u0131n\u0131z. Ek\u015fi mayal\u0131 ekmek yap\u0131m\u0131nda kullan\u0131l\u0131r. Ek\u015fi mayal\u0131 ekmeklerde e\u015fsiz bir tat verir. *KATKISIZ<\/p>\n","protected":false},"featured_media":24939,"template":"","meta":{"_monsterinsights_skip_tracking":false,"_monsterinsights_sitenote_active":false,"_monsterinsights_sitenote_note":"","_monsterinsights_sitenote_category":0},"product_brand":[],"product_cat":[85],"product_tag":[],"class_list":{"0":"post-24938","1":"product","2":"type-product","3":"status-publish","4":"has-post-thumbnail","6":"product_cat-bugday-unu","8":"first","9":"instock","10":"taxable","11":"shipping-taxable","12":"purchasable","13":"product-type-simple"},"_links":{"self":[{"href":"https:\/\/www.bagislargida.com\/index.php\/wp-json\/wp\/v2\/product\/24938","targetHints":{"allow":["GET"]}}],"collection":[{"href":"https:\/\/www.bagislargida.com\/index.php\/wp-json\/wp\/v2\/product"}],"about":[{"href":"https:\/\/www.bagislargida.com\/index.php\/wp-json\/wp\/v2\/types\/product"}],"wp:featuredmedia":[{"embeddable":true,"href":"https:\/\/www.bagislargida.com\/index.php\/wp-json\/wp\/v2\/media\/24939"}],"wp:attachment":[{"href":"https:\/\/www.bagislargida.com\/index.php\/wp-json\/wp\/v2\/media?parent=24938"}],"wp:term":[{"taxonomy":"product_brand","embeddable":true,"href":"https:\/\/www.bagislargida.com\/index.php\/wp-json\/wp\/v2\/product_brand?post=24938"},{"taxonomy":"product_cat","embeddable":true,"href":"https:\/\/www.bagislargida.com\/index.php\/wp-json\/wp\/v2\/product_cat?post=24938"},{"taxonomy":"product_tag","embeddable":true,"href":"https:\/\/www.bagislargida.com\/index.php\/wp-json\/wp\/v2\/product_tag?post=24938"}],"curies":[{"name":"wp","href":"https:\/\/api.w.org\/{rel}","templated":true}]}}